
What is the greatest common factor of 165 and 2325?
15
What is the highest common factor of 18 and 72?
18
Calculate the highest common divisor of 38 and 646.
38
Calculate the greatest common factor of 279 and 372.
93
Calculate the greatest common divisor of 61 and 6893.
61
Calculate the greatest common divisor of 30 and 285.
15
What is the highest common factor of 192 and 16?
16
Calculate the greatest common factor of 39 and 637.
13
Calculate the highest common factor of 2789 and 1.
1
Calculate the greatest common divisor of 1 and 1263.
1
What is the highest common factor of 594 and 110?
22
Calculate the highest common divisor of 2640 and 30.
30
What is the highest common divisor of 95 and 30?
5
Calculate the greatest common divisor of 1428 and 4794.
102
What is the highest common factor of 52 and 5057?
13
Calculate the greatest common divisor of 192 and 120.
24
What is the highest common factor of 4 and 1092?
4
Calculate the highest common factor of 1278 and 1065.
213
What is the greatest common factor of 176 and 55?
11
Calculate the greatest common factor of 84 and 2208.
12
Calculate the greatest common divisor of 11 and 33.
11
What is the highest common factor of 399 and 7068?
57
What is the highest common divisor of 1 and 37?
1
Calculate the highest common factor of 35 and 6615.
35
What is the highest common divisor of 1965 and 855?
15
What is the highest common factor of 4 and 4?
4
Calculate the highest common factor of 126 and 12.
6
What is the highest common divisor of 81 and 198?
9
Calculate the highest common factor of 24 and 1164.
12
Calculate the greatest common factor of 6010 and 20.
10
Calculate the greatest common divisor of 5840 and 8.
8
Calculate the highest common factor of 943 and 23.
23
What is the highest common factor of 12 and 7496?
4
What is the greatest common factor of 115 and 300?
5
Calculate the highest common divisor of 3640 and 40.
40
What is the greatest common divisor of 134 and 938?
134
What is the highest common factor of 30 and 170?
10
What is the greatest common factor of 28 and 868?
28
Calculate the greatest common divisor of 48 and 17472.
48
Calculate the highest common divisor of 7794 and 18.
18
Calculate the greatest common factor of 81 and 63.
9
What is the highest common divisor of 760 and 266?
38
Calculate the greatest common factor of 52 and 9451.
13
Calculate the highest common factor of 54 and 6831.
27
Calculate the highest common divisor of 10823 and 959.
137
Calculate the highest common factor of 14 and 203.
7
Calculate the highest common divisor of 18 and 648.
18
What is the greatest common divisor of 49 and 1519?
49
Calculate the greatest common factor of 121 and 22.
11
Calculate the greatest common factor of 715 and 781.
11
Calculate the highest common factor of 260 and 195.
65
Calculate the greatest common divisor of 384 and 1120.
32
What is the highest common factor of 1566 and 243?
27
Calculate the highest common factor of 225 and 100.
25
Calculate the highest common divisor of 450 and 250.
50
Calculate the greatest common divisor of 129 and 20941.
43
Calculate the highest common divisor of 308 and 253.
11
Calculate the highest common factor of 55 and 220.
55
What is the highest common factor of 9300 and 15?
15
What is the highest common divisor of 7 and 133?
7
Calculate the highest common factor of 130 and 169.
13
What is the greatest common factor of 33 and 946?
11
What is the highest common factor of 28720 and 80?
80
What is the highest common factor of 12824 and 56?
56
Calculate the highest common divisor of 43 and 11266.
43
What is the greatest common factor of 56 and 553?
7
Calculate the greatest common factor of 124 and 31.
31
Calculate the greatest common factor of 16337 and 31.
31
Calculate the highest common divisor of 22348 and 148.
148
Calculate the highest common divisor of 63774 and 54.
54
Calculate the greatest common factor of 16 and 784.
16
What is the highest common factor of 22 and 6523?
11
What is the greatest common factor of 16875 and 27?
27
What is the greatest common factor of 18 and 2250?
18
Calculate the highest common divisor of 1720 and 8815.
215
What is the greatest common factor of 52 and 1261?
13
Calculate the highest common divisor of 1125 and 200.
25
Calculate the highest common divisor of 93 and 3317.
31
Calculate the greatest common divisor of 58 and 464.
58
What is the highest common divisor of 170 and 5338?
34
Calculate the greatest common divisor of 220 and 320.
20
Calculate the highest common factor of 10 and 185.
5
What is the greatest common factor of 95 and 6935?
95
Calculate the highest common factor of 18 and 30762.
18
Calculate the highest common factor of 60 and 132.
12
What is the greatest common factor of 1 and 2?
1
Calculate the greatest common divisor of 52 and 7709.
13
Calculate the greatest common divisor of 378 and 1296.
54
Calculate the greatest common factor of 30 and 2238.
6
What is the greatest common factor of 451 and 22?
11
What is the greatest common factor of 78 and 442?
26
What is the greatest common factor of 848 and 265?
53
What is the highest common factor of 30 and 11?
1
What is the highest common factor of 1411 and 68?
17
What is the highest common factor of 66 and 6809?
11
What is the greatest common divisor of 330 and 132?
66
What is the greatest common divisor of 225 and 189?
9
What is the greatest common factor of 17208 and 36?
36
What is the greatest common factor of 8 and 488?
8
Calculate the greatest common factor of 8 and 86.
2
What is the greatest common divisor of 7 and 4221?
7
Calculate the greatest common factor of 5 and 1.
1
What is the greatest common divisor of 3 and 43?
1
Calculate the highest common divisor of 120 and 1032.
24
What is the highest common factor of 1770 and 12?
6
What is the highest common factor of 361 and 38?
19
What is the greatest common divisor of 171 and 19?
19
Calculate the highest common divisor of 29 and 551.
29
Calculate the greatest common factor of 56 and 16.
8
Calculate the greatest common divisor of 60 and 1980.
60
Calculate the greatest common factor of 390 and 15.
15
Calculate the greatest common factor of 595 and 140.
35
What is the greatest common factor of 1664 and 352?
32
Calculate the highest common factor of 38 and 26638.
38
Calculate the greatest common factor of 4 and 354.
2
What is the highest common divisor of 210 and 735?
105
What is the greatest common factor of 28 and 1932?
28
What is the greatest common divisor of 13 and 2665?
13
What is the greatest common divisor of 20 and 580?
20
What is the greatest common divisor of 6935 and 285?
95
Calculate the greatest common divisor of 923 and 13.
13
Calculate the greatest common divisor of 2000 and 75.
25
Calculate the greatest common factor of 21 and 1050.
21
What is the greatest common divisor of 27 and 72?
9
What is the highest common divisor of 310 and 7130?
310
What is the greatest common factor of 84 and 33?
3
What is the greatest common divisor of 115 and 20?
5
What is the highest common factor of 1463 and 931?
133
What is the highest common divisor of 33 and 495?
33
What is the greatest common divisor of 7000 and 168?
56
What is the greatest common divisor of 5454 and 202?
202
Calculate the greatest common factor of 70848 and 27.
27
Calculate the highest common divisor of 728 and 2639.
91
Calculate the greatest common factor of 3984 and 48.
48
Calculate the greatest common factor of 20 and 460.
20
Calculate the highest common factor of 110 and 605.
55
Calculate the highest common divisor of 4 and 4.
4
What is the highest common factor of 6939 and 514?
257
What is the highest common divisor of 1408 and 32?
32
Calculate the greatest common divisor of 138 and 667.
23
Calculate the highest common factor of 33489 and 61.
61
Calculate the highest common factor of 190 and 35.
5
Calculate the highest common divisor of 110 and 11022.
22
Calculate the greatest common divisor of 848 and 80.
16
Calculate the highest common factor of 88 and 66.
22
What is the highest common factor of 528 and 33?
33
Calculate the highest common factor of 168 and 3684.
12
Calculate the greatest common factor of 15 and 2895.
15
What is the highest common divisor of 17 and 323?
17
Calculate the greatest common divisor of 64 and 260.
4
Calcul